8
Convert 612120 (base 8) to base 9.
336741
-22221232301 (base 4) to base 5
-1203323434
3103313 (base 4) to base 11
a207
-c7e99 (base 15) to base 10
-634419
What is 7abba (base 13) in base 11?
143254
1322331323 (base 5) to base 16
32b83b
2221 (base 16) to base 5
234422
What is -32bd (base 14) in base 10?
-8791
3267436 (base 8) to base 9
1581627
What is 3808336 (base 9) in base 6?
112232223
What is -121342341 (base 5) in base 12?
-238715
-2201021021020 (base 3) to base 7
-15154353
Convert 878032 (base 9) to base 16.
7ff94
-10011111010110001010011 (base 2) to base 9
-10737441
138407 (base 13) to base 15
95c25
What is 11041333 (base 5) in base 11?
66529
What is 152345 (base 9) in base 7?
536606
-101225455 (base 7) to base 14
-b02665
What is -3a334b (base 15) in base 8?
-12523356
Convert 99b439 (base 14) to base 6.
303453335
Convert -5951c (base 13) to base 6.
-3300412
-101100111011010010101 (base 2) to base 5
-334102044
What is -1a7272 (base 12) in base 16?
-726b6
What is -522153 (base 6) in base 4?
-22033311
What is -1b2c14 (base 13) in base 3?
-1022011010001
-26714 (base 10) to base 7
-140612
What is -12133001302 (base 4) in base 14?
-323734
Convert -419625 (base 11) to base 13.
-1a68aa
What is 114b4 (base 14) in base 4?
22101312
-12a11 (base 11) to base 13
-8580
Convert 1031622 (base 7) to base 10.
125505
What is 300344140 (base 5) in base 8?
4411047
What is 5241425 (base 7) in base 11?
3a1935
What is -739511 (base 10) in base 16?
-b48b7
Convert -2773a (base 11) to base 14.
-10569
-111a80c (base 13) to base 15
-6da84c
Convert -424a697 (base 12) to base 8.
-57661523
Convert -48487 (base 9) to base 15.
-9954
What is -2b5b00 (base 16) in base 3?
-12100100120222
78309 (base 10) to base 2
10011000111100101
Convert -30310013020 (base 4) to base 13.
-907ca2
Convert -18666 (base 11) to base 14.
-9715
4d43e9 (base 15) to base 13
9cb8a1
What is 40ba9 (base 14) in base 7?
1216502
Convert -536323 (base 9) to base 14.
-84662
Convert -17cff3 (base 16) to base 12.
-63312b
Convert 231022020 (base 4) to base 14.
4b5a0
Convert 57316 (base 11) to base 13.
2b971
What is 11002110110102 (base 3) in base 13?
5b1822
Convert 373466 (base 8) to base 2.
11111011100110110
-5a2637 (base 12) to base 10
-1455883
-95a3b (base 12) to base 15
-3d46b
What is -836c12 (base 13) in base 12?
-1041418
121022021120 (base 3) to base 8
1162704
-136d1a (base 14) to base 11
-419a68
-1000320321 (base 4) to base 7
-2154612
-2104040431 (base 5) to base 16
-428f07
Convert 1230434213 (base 5) to base 10.
2983683
Convert 115252 (base 8) to base 3.
2000022110
What is b48b2 (base 14) in base 7?
3462012
9055 (base 14) to base 9
36873
9d5cd0 (base 16) to base 3
201101221122201
What is 13770d3 (base 14) in base 4?
203332210101
Convert 1211020202222 (base 3) to base 5.
222010112
-32320011312 (base 4) to base 5
-1444243031
Convert 2d8258 (base 16) to base 4.
23120021120
245079 (base 11) to base 2
1011110100101001111
Convert -2121620 (base 9) to base 16.
-11569e
-215387 (base 9) to base 4
-133121302
Convert 10101111101001001110 (base 2) to base 6.
23230422
Convert -441012330 (base 5) to base 3.
-10120002202220
What is -2436532 (base 12) in base 10?
-7040630
Convert 82a7a (base 16) to base 5.
114111122
Convert 16a01b (base 12) to base 8.
1372627
What is 10101100100100011101 (base 2) in base 10?
706845
Convert -aaa75 (base 12) to base 4.
-313031321
3616051 (base 10) to base 11
204a87a
6118 (base 16) to base 11
17747
Convert -5104204 (base 8) to base 10.
-1345668
What is 1510506 (base 7) in base 13?
72012
-18a53e (base 15) to base 16
-124ccd
What is -345a60 (base 11) in base 2?
-10000110001100010000
What is -101213001 (base 5) in base 2?
-1100100111100111101
-aa81 (base 13) to base 14
-8937
Convert 78b4a (base 12) to base 16.
2736a
410611 (base 16) to base 4
100100120101
Convert 111001111111101110 (base 2) to base 14.
627dc
What is -1978389 (base 10) in base 4?
-13203000111
What is -4024014 (base 5) in base 12?
-3122b
43341334 (base 7) to base 2
1110001001001100001011
-7b1357 (base 12) to base 9
-3635244
-100030321033 (base 4) to base 13
-b591b6
-235318 (base 10) to base 2
-111001011100110110
155d0 (base 14) to base 13
1b34b
Convert -106462 (base 8) to base 7.
-210245
What is 3413628 (base 9) in base 12?
74882b
303b705 (base 12) to base 14
12b4753
Convert -11300315 (base 7) to base 2.
-11110010001000011100
Convert -2cb005 (base 14) to base 9.
-2847251
Convert 304407 (base 8) to base 14.
2894b
Convert 44252 (base 6) to base 4.
1200020
What is 40333332 (base 5) in base 8?
1171171
Convert -41111625 (base 7) to base 9.
-6410343
Convert 15a2489 (base 13) to base 16.
6a6a73
What is -160c3 (base 14) in base 10?
-55051
-54275322 (base 8) to base 13
-2543246
What is -a0973 (base 14) in base 15?
-795a0
63a30 (base 15) to base 10
316170
-555c3b (base 13) to base 3
-10210020101212
What is a1116 (base 12) in base 7?
1531026
What is -102010200212000 (base 3) in base 10?
-5918643
110001101011111110110 (base 2) to base 13
450104
Convert -23132033001 (base 4) to base 16.
-2de3c1
What is -7004219 (base 10) in base 3?
-111011211222112
Convert 144f9 (base 16) to base 4.
110103321
Convert 1744761 (base 9) to base 6.
32515514
What is a778c3 (base 16) in base 14?
1659b11
What is -b568b9 (base 12) in base 4?
-22320122031
Convert -332403331 (base 5) to base 12.
-59b482
Convert -1593279 (base 10) to base 9.
-2887510
Convert -6033023 (base 7) to base 13.
-1c0091
-1606170 (base 8) to base 15
-91d14
201262122 (base 7) to base 15
106074c
What is 11414333 (base 7) in base 10?
1012364
101110212222112 (base 3) to base 4
111033121121
What is -25521242 (base 6) in base 14?
-17a3c6
-5223267 (base 9) to base 7
-32502355
Convert 21d9e9 (base 16) to base 5.
1031442343
What is -84b06 (base 15) in base 6?
-13004553
Convert 2c1946 (base 15) to base 3.
11000022011110
Convert -303541 (base 10) to base 3.
-120102101021
22121200011212 (base 3) to base 14
872dc1
What is 805 (base 13) in base 12?
951
What is 33322031 (base 5) in base 3?
112211202001
What is 845486 (base 15) in base 14?
b9c357
Convert 7c194 (base 16) to base 13.
14a498
What is -15123112 (base 6) in base 8?
-1777764
110100212220 (base 3) to base 15
4c1bc
-149163 (base 10) to base 7
-1160610
Convert -1000011100001010 (base 2) to base 6.
-424014
1125351 (base 6) to base 11
3a839
What is 2baee (base 15) in base 9?
234178
-126544 (base 11) to base 3
-101002221100
32053 (base 7) to base 14
2c63
Convert -c46d (base 14) to base 10.
-33809
Convert -232001003 (base 4) to base 14.
-4c991
-3137e (base 15) to base 5
-14443134
What is -1003113 (base 5) in base 10?
-16033
Convert 252453 (base 9) to base 11.
a4829
-110011111011011000011 (base 2) to base 3
-10012110010011
What is 863321 (base 11) in base 4?
11101010121
What is 57a9b (base 15) in base 5?
32413041
Convert -6c6e (base 16) to base 12.
-14092
Convert -169958 (base 15) to base 13.
-2c48b7
Convert 12617611 (base 10) to base 2.
110000001000011110001011
Convert 121242232 (base 5) to base 12.
236927
What is 4166256 (base 8) in base 13?
2cab16
What is -307044 (base 8) in base 7?
-603104
1037065 (base 12) to base 13
831c89
Convert 223120101 (base 4) to base 16.
2b611
-26ffb (base 16) to base 8
-467773
Convert -74a7d4 (base 16) to base 6.
-431510100
-8760 (base 16) to base 10
-34656
What is -11141564 (base 7) in base 16?
-ec62d
1415034 (base 7) to base 12
91476
What is -699ba0 (base 12) in base 3?
-10012012200010
Convert -45c090 (base 13) to base 7.
-20030331
-110010100101001100010000 (base 2) to base 9
-26848587
Convert -5064770 (base 9) to base 11.
-1584702
3a7b804 (base 12) to base 13
2537281
-1040555 (base 6) to base 5
-3131210
Convert -1012000012 (base 3) to base 15.
-6da8
-21ab (base 16) to base 13
-3c00
Convert -3395c0 (base 14) to base 5.
-422121224
186e58b (base 15) to base 13
38cb133
Convert 5034c4 (base 13) to base 6.
103541044
717e2 (base 15) to base 7
3025133
166a44 (base 11) to base 3
111010002210
What is -23221030 (base 4) in base 15?
-e1e7
Convert -147570a (base 11) to base 8.
-11505104
What is -10101222001110 (base 3) in base 8?
-6717342
What is -309167 (base 11) in base 15?
-9bb6b
What is 3334141 (base 7) in base 15?
82131
Convert 2102012222 (base 3) to base 6.
1004042
What is 100260 (base 12) in base 9?
418740
Convert -20d44